 - 1. Let h be (-1)/((-3)/30*s). Let d(k) = -k**3 - 4*k**2 + 4*k - 2. Calculate d(h).
3
Suppose 4*g = -2*s - 3*s - 9, 3 = -3*s. Let c(p) be the third derivative of p**4/12 - 2*p**2. Let a be c(g). Let t(i) = -i**2 + 2*i + 3. Determine t(a).
-5
Suppose -f + 12 = 5*q, 5*f + q = -q + 37. Let u = -5 + f. Suppose t + u*t = -3. Let b(j) = 2*j**3 - j**2 - j - 1. Calculate b(t).
-3
Let y(k) be the second derivative of -5*k**3/6 - k**2/2 - 5*k. Determine y(2).
-11
Let m(k) = -2 - 3*k**2 + 1 + 2*k**2 + 2. Calculate m(-2).
-3
Let y(a) = 2*a**2 + 1. Suppose 4*f = -3*m - 19, 9*m = 4*m - 25. Let w(g) = g**2. Let s(i) = f*y(i) - 5*w(i). Calculate s(-1).
-8
Let v(j) = 12*j - 4*j**2 + 0*j**3 + 2*j**2 - j**3 + 3 - 10*j. Give v(-2).
-1
Let k(d) = 1 + 3*d**2 + 3*d**3 - d**2 - d**2 + 2*d - 4*d. Determine k(1).
3
Let f(h) = h - 4. Let r be f(0). Let t(w) = 2*w**2 - 3*w + 7. Suppose 7 + 2 = -3*z. Let o(x) = -x**2 + 3*x - 6. Let a(u) = z*o(u) - 2*t(u). Determine a(r).
0
Let d(i) = i**3 - 5*i**2 + 5*i - 4. Let m(x) = x + 15. Suppose -3*g + 10 - 46 = 0. Let j be m(g). Give d(j).
-7
Let w(o) = -2*o + 22. Let m be w(8). Let c(g) = -g - 1. Determine c(m).
-7
Suppose o + 5*i - 40 = -2*o, -i = -5. Let h(y) be the second derivative of y**4/12 - 2*y**3/3 + 7*y. What is h(o)?
5
Let b be 0*(9/6 + -2). Let f = b - -22. Suppose -4*y + f - 6 = 0. Let m(z) = -z. Determine m(y).
-4
Let b(j) be the first derivative of j**2/2 - 6*j - 3. Let s be b(6). Let w(o) = -5 + o - 1 + 1 + 0. Give w(s).
-5
Suppose -6*p - 6 + 0 = 0. Let i(k) = 5*k**2. Determine i(p).
5
Let l(d) = d**2 + 8*d + 11. Let q be l(-6). Let p(r) = -r**2 + 2*r + 1. Give p(q).
-2
Let f(d) = 3*d - 2. Let y(s) = -s - 7. Let k be y(-12). What is f(k)?
13
Let z(c) = c**2 + 8*c - 8. Let h(v) = -v + 1. Let r(o) = 3*h(o) + z(o). Give r(-7).
9
Let v(m) = m**3 + 7*m**2 + 7*m + 5. Suppose 2*z + 5 + 10 = 3*l, -55 = 4*z - l. Let f = z + 9. What is v(f)?
-1
Let y(g) = -2*g + 6. Let u(f) = -3*f + 11. Let d(m) = 3*u(m) - 5*y(m). Give d(-3).
0
Let k(r) = r**2 + 4*r + 5. Let t be k(-4). Let o(d) = -2 - 8*d**3 - d**2 - 5*d**2 + 2*d + 9 + 9*d**3. Give o(t).
-8
Let a(u) = u**2 - u + 1. Let v(o) = 7*o**2 - 5*o + 4. Let j(m) = -4*a(m) + v(m). Calculate j(-1).
4
Let j(a) = -5 + 7*a**2 - 5*a**2 - a**2 - 2*a. Suppose 5*c - 9 = 11. What is j(c)?
3
Suppose -2*c + 50 = 52. Let b(u) = -u - u**2 + 0*u - 2*u**3 + u**3. Determine b(c).
1
Let d(w) = -w**2 + 3*w + 5. Let h(m) = -3*m**2 + 8*m + 14. Let b(i) = 7*d(i) - 2*h(i). Suppose 0 = -v + 1 + 5. What is b(v)?
1
Let u(g) be the first derivative of -g**4/4 + g**3/3 + g**2/2 - g + 3. Let l(o) be the first derivative of u(o). Suppose b - 5 = -3. Calculate l(b).
-7
Let j(o) = 2*o**2 - 3*o - 6. Let m be 45/10 - (-1)/(-2). Let z(v) = -v**2 + m - 6 - v + 3. Let b(n) = j(n) + 3*z(n). Calculate b(-4).
5
Let z(r) = -r**2 - 8*r - 6. Suppose 12 = 4*p - 8, 0 = -2*x - 4*p + 10. Determine z(x).
9
Suppose -3*u + 5*u = 2. Let m(n) = 0*n**2 + u - n + 2 + n**3 + 3*n**2. What is m(-4)?
-9
Let p be 1/3 + 8/(-6). Let y(m) = -3*m**2 - 1. Let a(f) = 3*f**2 + 1. Let l(k) = -5*a(k) - 4*y(k). Calculate l(p).
-4
Suppose -2*g - o = -4*o - 2, 2*g = 2*o. Let x be g/(6/3)*-2. Let k = -2 + x. Let q(d) = d**2 + 8. Determine q(k).
8
Suppose -9 = 4*m + 3. Let z = 9 - 7. Let v be (-1)/((z - 3)/m). Let q(c) = -c**2 - 4*c + 3. What is q(v)?
6
Let s be 1/((20/8)/(-5)). Let f(g) = -12*g - 3. What is f(s)?
21
Suppose -45 = -6*c + c. Let q be (-16)/(-4) - 1*c. Let h(w) = -w**3 - 6*w**2 - 4*w + 1. Determine h(q).
-4
Let d(h) = -36*h + 30*h - 2 + 7 + 0. Calculate d(5).
-25
Let s(z) = z**3 + 3*z**2 - 2*z - 2. Let w be s(-3). Let t(f) be the second derivative of 0 + 1/2*f**2 - 1/12*f**4 - 2*f + 2/3*f**3. What is t(w)?
1
Let u be 14/(-4)*(-6)/3. Let a(n) = n**3 - 6*n**2 - 8*n + 3. What is a(u)?
-4
Let x = -7 - -4. Let o be 2/(-8) - (-18)/8. Let g(f) = 2*f**o - 6*f + 2*f - 3 - 3*f**2. Calculate g(x).
0
Let c(x) = -5*x**3 - 2*x + 4*x**2 - 2 + 3*x**2 - 5*x - 4*x**2. Let n(v) = -9*v**3 + 5*v**2 - 13*v - 4. Let j(k) = 11*c(k) - 6*n(k). What is j(3)?
5
Let u(q) = 5*q - 7. Let k(d) = -9*d + 13. Let y(f) = 6*k(f) + 11*u(f). Let m(c) = -1. Let w(g) = 2*m(g) + y(g). Calculate w(0).
-1
Let t(j) be the third derivative of -j**4/6 - 2*j**3/3 + j**2. Let x be t(-4). Suppose -8 = 4*g + x. Let l(i) = i**3 + 4*i**2 - 4*i - 1. Determine l(g).
-6
Suppose 5*x - 1 = 4*x. Let y(p) be the third derivative of p**5/60 - p**4/12 + p**3/6 - p**2. Determine y(x).
0
Let m(n) = 18*n**2 + 5 + 4*n**3 - 19*n**2 - 5*n**3. Determine m(0).
5
Let j(q) = -2*q**2 + 4*q - 2. Suppose 0 = d + b - 3, -5*d + d + 2*b + 36 = 0. Let k be 198/(-42) - 2/d. Let v = k - -7. Give j(v).
-2
Let k(j) = 0 + 0 + j - 3 - 2*j. Let z be k(-6). Let o(x) = x**3 - 3*x**2 - x - 2. Calculate o(z).
-5
Let b(i) = 5*i**2 - 25*i - 9. Suppose -4 = 2*g + k, 0*k = 3*k. Let h(p) = -p**2 + 6*p + 2. Let z(j) = g*b(j) - 9*h(j). Give z(-3).
3
Suppose 2*n = -u + 15, 0*n + 2*u = -3*n + 25. Let x(d) = 4*d + d**3 - 4*d**2 - 2 - 11*d + 1. Determine x(n).
-11
Let a(c) = 3*c**2 + 4*c + 4. Let s(t) = 16*t**2 + 19*t + 21. Let q(w) = 11*a(w) - 2*s(w). Let r = -200 - -194. Determine q(r).
2
Suppose 3*v = -c + 5, -4*c + 3*c = 2*v - 4. Let r(q) = -1 + c*q - 3 - 5*q + 0. Determine r(-5).
11
Let p(n) = n**3 - n**2 + 5. Let u(b) = b**3 + b**2 - 2*b. Let x be u(-2). Suppose x = -4*i + i. Calculate p(i).
5
Let q(l) = -l**2 + 3*l + 5. Let p(n) = 2*n**2 - 7*n - 10. Let h(o) = -2*p(o) - 5*q(o). Determine h(5).
15
Let g(d) = 6*d + 2*d**2 + d**2 - 13*d - 6 + d**3. Suppose 2*q + 5*l + 23 = 0, -2*q + 0*l - 11 = l. Calculate g(q).
6
Let w(j) = j**3 - 8*j**2 - j. Let h(b) = -3*b**3 + 23*b**2 + 3*b + 1. Let v(c) = -3*h(c) - 8*w(c). Let r(d) = d + 2. Let i be r(3). Calculate v(i).
-8
Let x(a) be the first derivative of -a**3/3 + 5*a**2/2 - 4*a + 5. Let c be x(3). Let q(t) = 2*t + 2. What is q(c)?
6
Let d(i) = -10*i + 23*i - 12*i - 3. Calculate d(-7).
-10
Let p(x) = x**2 + 4*x + 1. Let c = 16 + -21. Determine p(c).
6
Let y(i) = 3*i**2 - 3*i + 17. Let h(w) = w**2 - 2*w + 8. Let s(b) = -5*h(b) + 2*y(b). Suppose 0*r - 2*r - 4 = 0. Let a be 6/(-3)*(-5)/r. Determine s(a).
-1
Let c(t) = -5*t**2 - 3*t - 2. Let r(d) = -d**2 + 1. Let b(f) = c(f) - 6*r(f). Calculate b(6).
10
Let i(f) = -7 + 7 - 3 + f. Give i(-8).
-11
Let t(l) = -l**3 + 7*l**2 + l + 3. Let r be t(7). Let o(h) = -h**3 + 11*h**2 - 10*h + 5. Let x be o(r). Let w(b) = b**2 - 3*b - 5. Give w(x).
5
Let h(c) = c**2 + 5*c + 3. Let i be 5/1*(-6)/5. Calculate h(i).
9
Let t(z) = 8*z - 25*z + 12*z + 4 + 6*z. Give t(-2).
2
Let p(h) = 2*h**2 - 3*h + 3. Let r be p(2). Let g(t) be the third derivative of -t**4/6 + 2*t**3/3 - 7*t**2. What is g(r)?
-16
Let x(a) = a + 3. Let y = 12 - 8. Suppose 3*g - 63 = 3*n, -3*g = -5*g + 3*n + 47. Suppose 0 = -y*k - g. Calculate x(k).
-1
Suppose 0 = -3*i + 5*i + 5*c + 20, -2*i = -3*c - 12. Suppose i = -3*w, -9 = 4*m + 2*w + 3. Let u(v) = -v - 4. Give u(m).
-1
Let k(y) = 1 + 4 + 4*y - 3*y - 3. What is k(-8)?
-6
Suppose 0 = -3*d - 11 + 26. Let j(i) = i**2 - 3*i - 3. Give j(d).
7
Let r(x) = 2*x + 2. Suppose 3*s = s - 4. Calculate r(s).
-2
Let c(t) = -t - 7. Let a be (-2 - -4)/(2/4). Suppose 24 = -a*r + 4*x, 0*r - 2*r - 3*x - 7 = 0. Give c(r).
-2
Let c be 2/2 - 0/5. Let h = 4 - c. Let y(g) = g - g**3 - h*g + 3 - 2*g + 4*g**2. What is y(3)?
0
Let w(o) = -o**3 + 5*o**2 - o + 2. Let x(n) = n**3 - 5*n**2 - 2. Let g(c) = -5*w(c) - 4*x(c). Suppose -2*j + 8 = -4*j, 5*h - 5*j - 40 = 0. Determine g(h).
2
Let g = 26 + -23. Let p(c) = -c**3 + 3*c**2 - 4. What is p(g)?
-4
Let n(h) be the third derivative of h**6/24 + h**5/30 + h**4/24 - h**2. Give n(-1).
-4
Suppose -2*y + 3*y - 4 = 0. Suppose -d + 5*d = z + 17, -35 = -4*d - 5*z. Let t = d - y. Let n(k) = -4*k**3 + 2*k**2 - k. What is n(t)?
-3
Let m(n) be the first derivative of -n**6/360 - n**5/30 - n**4/12 - 2*n**3/3 - 2. Let q(k) be the third derivative of m(k). Let g = -1 - 4. Determine q(g).
-7
Let z be -5 + 3 + -2 + 1. Let l(x) = 7*x + 4. Let u(t) = 27*t + 15. Let q(j) = 15*l(j) - 4*u(j). What is q(z)?
9
Let t(s) = -10*s**3 + 2*s**2 + s. Suppose -b = -2*a + 12, -5*b - 17 = -a + 7. Let g be (3/6)/((-2)/a). What is t(g)?
11
Let p(l) = -l**3 + 7*l**2 - 7*l + 6. Let k(m) = -m**2 - 21*m + 6. Let z be k(-21). Determine p(z).
0
Let z(v) be the s